ors of y.
2, 3, 5
Let w(k) = 2018*k + 5353. What are the prime factors of w(17)?
39659
Let p = 51 - 42. Let h(s) = -21 - 12*s**2 - 2*s + p*s + 11*s**2 + 10*s. List the prime factors of h(11).
3, 5
Let c be 6*(-40)/(-36) + 3/9. Suppose 0 = c*j + 9*j - 14000. What are the prime factors of j?
5, 7
Suppose 5*o + 4*q = 7*q - 257, 3*o = 4*q - 152. Suppose 5*a = 4*x - 575, 25 + 120 = x - a. Let w = o + x. What are the prime factors of w?
2, 7
List the prime factors of (-3 + 1)/((-6)/(-9)) - (-11125 - -1).
3, 11, 337
Let k(h) = -24*h + 60. Let b be k(-28). What are the prime factors of (-4 - -5) + b - 5?
2, 7, 13
Let s = 8869 - 72. List the prime factors of s.
19, 463
Let f be 7*((-6 - 2) + 17). Let a = 928 - f. What are the prime factors of a?
5, 173
Let g(n) = 1790*n**3 + 2*n**2 + 14*n - 16. List the prime factors of g(1).
2, 5, 179
Let n = 998 - 995. Suppose 0 = t - 4*t + 1665. Suppose -530 = -2*l + 2*w - 4*w, n*w + t = 2*l. What are the prime factors of l?
2, 3, 5
Let i(r) = 256*r - 3220. List the prime factors of i(29).
2, 1051
Let y be -141*2/(-6) - (2 + 1). Suppose y = 4*o - 8*o. What are the prime factors of (-14 - o) + 4*11?
41
List the prime factors of 1814/(-1)*(1 + 126/(-36)).
5, 907
Suppose -3*r = -5*b - r + 1807, 2*b - 719 = -3*r. Suppose 0 = 47*q - 48*q + b. What are the prime factors of q?
19
Suppose -615 = 3*d - 204. List the prime factors of (3 - 0)/((-3)/d).
137
Let z(k) = k**2 - 5*k - 12. Let w(q) = -2*q**2 + 3*q + 18. Let g be w(6). Let p = g - -50. What are the prime factors of z(p)?
2, 3, 19
Suppose -v = 5*p - 148401, -326*p + 29677 = -325*p + v. What are the prime factors of p?
67, 443
Let b be 78/18 - ((-55)/15 + 3). Suppose -3*l + 10*x - b*x = -451, l = 3*x + 145. List the prime factors of l.
157
Let l(p) = -3*p**2 + 928*p - 54. List the prime factors of l(102).
2, 3, 5, 2113
Let w = -53 + 58. Suppose -285 = -2*g + w*z, 3*z - 728 = -3*g - 2*g. Suppose g = -5*d + 715. List the prime factors of d.
2, 3, 19
Suppose -b + 9*b - 37355 = 4877. What are the prime factors of b?
5279
Let b(n) = 102*n**2 + 71*n + 1135. What are the prime factors of b(-24)?
83, 701
Let x(i) = i**3 - 10*i**2 - 4*i - 34. Let k be x(11). Let m = 8 - 4. Suppose -m + k = z. What are the prime factors of z?
3, 13
Let w = -5 + 19. Suppose -4*j + w = -6. Suppose -2*q = -0*b - j*b - 136, 4*b = 16. What are the prime factors of q?
2, 3, 13
Let s be (-5 - -10 - 22) + 24/6. Let x(o) = -13*o - 15. What are the prime factors of x(s)?
2, 7, 11
Suppose -v - 40*x + 18188 = -45*x, 5 = -5*x. List the prime factors of v.
3, 11, 19, 29
Let x(z) = 5*z**3 - 3*z**2 + 3*z + 27. Let q be x(4). Suppose -305*i + q*i = 4986. List the prime factors of i.
3, 277
Suppose 0 = -2*h + n - 18 + 1, 5*h + 41 = n. Let w = -29 - h. Let b(x) = x**3 + 21*x**2 - x + 1. List the prime factors of b(w).
2, 11
Suppose 0 = 6*d - 10*d + 5380. Let l = 2813 - d. List the prime factors of l.
2, 367
Let r = -182 - -130. Suppose 4*p = 2*p, k - 121 + 18 = p. Let h = r + k. What are the prime factors of h?
3, 17
Let o(m) = 2*m**2 + 10*m + 4. Suppose -3*g - 3*i - 30 = 0, 0 = -3*g - 6*i + 2*i - 31. List the prime factors of o(g).
2, 19
Let a(f) = -26*f**3 - 21*f**2 - 6*f + 111. What are the prime factors of a(-8)?
67, 181
Let z = 101 - 42. Suppose 13 - z = t + 4*c, -3*t - c = 138. Let f = 131 + t. List the prime factors of f.
5, 17
Let i(s) = 13*s - 2. Let k(q) = q**2 - 5*q + 2. Let z be k(3). Let p be ((-3)/9)/(1/6)*z. What are the prime factors of i(p)?
2, 3, 17
Suppose -2*o + 0*k - 3*k = -13122, -3*o + 19645 = -5*k. List the prime factors of o.
3, 5, 19, 23
Suppose 0 = -5*c - 8*c - 52. Let b(f) = 22*f**2 + 11*f + 9. What are the prime factors of b(c)?
317
Let f(h) = 4*h - 13*h**2 - 6 + 55*h**2 + 80*h**2. Let i(m) = -41*m**2 - m + 2. Let k(c) = -2*f(c) - 7*i(c). List the prime factors of k(-2).
2, 43
List the prime factors of (-9518)/(-2)*(-11 + 16)/5.
4759
Let t = -14738 - -75848. List the prime factors of t.
2, 3, 5, 7, 97
Let g be (-23)/(-4) - 2 - (-2)/8. Let w be ((-10)/g)/((-14)/28). Suppose -w*l = 0, 2*l - 64 - 59 = -a. List the prime factors of a.
3, 41
Suppose -6*x + 49 + 197 = 0. Suppose -5*p + x = -3844. What are the prime factors of p?
3, 7, 37
Let u(i) = 4*i**3 - 353*i**2 - 441*i + 29. What are the prime factors of u(90)?
11, 1549
Suppose 0 = -8*n + 3*n + 10. Suppose -3*i - 2*a = -3943, -5*i - 4*a = -n*a - 6573. List the prime factors of i.
5, 263
Let k(t) = 38*t**3 - 5*t**2 + 8*t - 8. Let n(g) = -7*g**2 - 48*g + 10. Let a be n(-7). List the prime factors of k(a).
997
Let v(y) = -2*y**2 - 11*y - 5. Let k = 34 - 39. Let x be v(k). Suppose x = 9*c - 32 - 238. What are the prime factors of c?
2, 3, 5
Let l be (3 - 1) + 4 + -1. Suppose -4*y = -0*w + l*w - 6, 0 = -y - w + 2. Suppose 0*p - 59 = -4*p + v, -56 = -y*p + 4*v. List the prime factors of p.
3, 5
Suppose -4*p = p - 560. Suppose -4*j = m - 117 - 89, 5*m = -2*j + p. Suppose -5*v + 58 + j = -2*s, 2*s = v - 25. List the prime factors of v.
3, 7
Let d = -609 + 611. Suppose 4*m - m = d*g + 1154, 0 = -3*m + 4*g + 1150. List the prime factors of m.
2, 193
Suppose 4*x - 35 = -23. Suppose x*r - 224 = 403. List the prime factors of r.
11, 19
Let f = 40 + 59. Let y(w) = 4*w**2 + 2*w - 1. Let c be y(-3). Let j = f - c. List the prime factors of j.
2, 5, 7
Suppose 4*q - 10773 = -5*o + 6000, -2*q + 8385 = 3*o. Suppose 642 - q = -15*j. List the prime factors of j.
3, 79
Let r(i) = 21*i + 13. Let y(h) = -1. Let s(u) = r(u) + 6*y(u). Let t be s(-12). Let a = t - -346. What are the prime factors of a?
101
Let p(g) = 53*g**2 + 9. Let q be p(-3). Let o = -10 + q. Suppose -4*c = -o - 108. What are the prime factors of c?
2, 73
Suppose 0 = -4*m + 4*y + 1800, 2*m - 885 = 4*y + y. Suppose 5*v = 2*o - 59 - m, 5*o + 5*v = 1355. What are the prime factors of o?
3, 89
Suppose 42*l = 35*l + 476. Let q = l - -155. What are the prime factors of q?
223
Let i(p) = 4*p**2 + 18*p + 86. Let t be i(14). Let x = -276 + t. What are the prime factors of x?
2, 3, 47
Let y(b) = -2*b**2 - 2*b + 3. Let f be y(0). Suppose 9*s = f*s + 1662. What are the prime factors of s?
277
Let y be 6/(-6) + (4 - -909). Suppose -3*b + y = -390. List the prime factors of b.
2, 7, 31
Let c be (8/(-6))/(1*(-28)/35910). Suppose 23*q = 25*q + 4*p - c, -1715 = -2*q - 3*p. List the prime factors of q.
5, 173
Let a(o) = 565*o + 346. Let c(t) = -188*t - 115. Let x(z) = 2*a(z) + 7*c(z). List the prime factors of x(-10).
1747
Let o(d) = d**2 + 3*d + 3. Suppose -4*c = -20, -5*i - c + 1 = -4. Let b be o(i). Suppose -2*t + 4*p = b*t - 162, -t - 5*p + 15 = 0. List the prime factors of t.
2, 3, 5
Let r(d) = 46*d**2 - 12*d - 234. What are the prime factors of r(-11)?
2, 683
What are the prime factors of (-4)/26 - 6104736/(-936)?
2, 3, 1087
Let t be (-3 - -18)/3 - 0. Suppose 3*b = 2*x + 13, -b - x + 6 - t = 0. Suppose -280 = -4*h - 2*r, b*h + 2*r - 66 = 143. List the prime factors of h.
71
Suppose 10*w + 4 = 8*w. Let x be ((-4)/1 - (66 - w))*-1. Suppose -2*a + 214 + x = 0. List the prime factors of a.
11, 13
Let v = 15841 + 9297. What are the prime factors of v?
2, 12569
Let b be ((-24)/14)/(7/((-196)/8)). Let f(c) be the second derivative of c**4/12 + 2*c**3/3 - 6*c**2 + 28*c. What are the prime factors of f(b)?
2, 3
Suppose -3*z = -2*a - 41, -3*z + a + 40 = -0*a. Suppose 0 = z*m - 12*m - 7. Let u(k) = 5*k**2 - 3*k + 21. What are the prime factors of u(m)?
5, 7
Let i(x) = x**2 + 2*x - 11. Let d be i(-17). Let r = d - 36. Let z = r - -48. What are the prime factors of z?
2
Let b(r) = r**3 - 2*r**2 + 36*r - 9. Let n be b(7). Let k = n - -646. What are the prime factors of k?
2, 3, 7
Let d be 0/47*(0 - (-2)/8). Suppose d = u + u - 618. What are the prime factors of u?
3, 103
Let b(q) be the third derivative of 7*q**4/8 + 301*q**3/6 - 4*q**2 + 16. What are the prime factors of b(31)?
2, 7, 17
Let c = -29 + 9. Let v(f) = -2*f**3 + 14*f**2 - f + 35. Let k(q) = 3*q**3 - 30*q**2 + q - 71. Let a(z) = 3*k(z) + 5*v(z). What are the prime factors of a(c)?
2
Suppose 11*b - 2875 = 10*b - c, 0 = 5*b - 5*c - 14375. Let l = b - 1637. What are the prime factors of l?
2, 619
Suppose -4*r + 6667 = 3*n - 2*r, n = 3*r + 2237. Suppose 5*c + 2217 = 2*d, 15*c - 18*c + n = 2*d. What are the prime factors of d?
11, 101
Suppose 0 = -44*y + 28*